= -23*y. Calculate the highest common factor of y and 80.
80
Let m = 120 - 48. Let t = -116 - -160. Suppose -41 = -2*f - s - 4*s, -3*f - 4*s = -t. Calculate the greatest common divisor of m and f.
8
Let b = 1806 - 1299. What is the highest common divisor of b and 468?
39
Let m(h) = -4*h. Let a be m(-1). Suppose 5*r - 206 = 94. Suppose r = 4*g + 3*c, -a*c = -g + c - 8. Calculate the greatest common factor of 30 and g.
6
Suppose 0 = -11*l + 5*l + 186. Let d be (-1 + -1)*(-507)/(-78). Let x = l + d. What is the greatest common divisor of 144 and x?
18
Let j = 6664 + -6625. Suppose -7*o = -3*o. Suppose u + 2*u - 78 = o. Calculate the highest common divisor of u and j.
13
Suppose -q + 11053 = -3*s, 5*s - 55 + 50 = 0. What is the highest common factor of q and 32?
16
Let x(l) = -l**2 + 3*l + 23. Let f be x(13). Let i = f - -127. Calculate the highest common factor of i and 5.
5
Let b = 3217 + -1867. Calculate the greatest common divisor of b and 12.
6
Let d(a) = -2*a**3 - 3*a**2 - 4*a - 3. Let m be d(-2). Let w(x) = -x**2 - 45*x + 1287. Let l be w(-63). What is the highest common divisor of l and m?
9
Let m be (-38)/1*3*-1. Let r be 227 + ((-1)/(-2))/(3/(-6)). Let y = r - m. What is the highest common factor of 28 and y?
28
Suppose -358*t + 20139 = -351*t. Calculate the greatest common factor of 548 and t.
137
Let m(n) = 1119*n**2 - 131*n + 352. Let q be m(3). Calculate the highest common divisor of q and 10.
10
Let l(q) = -63*q**2 - 645*q - 21. Let o be l(-7). Calculate the highest common factor of o and 5427.
201
Let n(g) = -11*g**3 + 3*g - 1. Let c = 398 + -400. Let s be n(c). Let z be (-3)/9*1*-27. Calculate the greatest common factor of z and s.
9
Let l be 11633 + 50 - (-1 + -1). Calculate the greatest common factor of 41 and l.
41
Let w(p) = 25*p - 89. Let d(h) = -50*h + 175. Let m(z) = 4*d(z) + 7*w(z). Let o be m(3). Calculate the highest common factor of 26 and o.
2
Suppose 24*b - 22 = 22*b. Suppose -13*f + 44 = -2*f. Suppose -2*o - 4*v + 2 + f = 0, 3*o + 2*v = 25. Calculate the highest common factor of b and o.
11
Suppose 0*c - 232 = -4*c. Suppose 0 = 5*l + 62 + c. Let a = -16 - l. Calculate the greatest common divisor of 16 and a.
8
Suppose -4*i = 16, -5*o - 2684 = 5*i - 14744. What is the highest common factor of o and 3926?
302
Let m = -6629 - -6648. Calculate the greatest common factor of m and 14003.
19
Let l = -250310 + 250344. Suppose -2*w + 3*p + 72 + 27 = 0, 4*w - p - 203 = 0. What is the highest common factor of l and w?
17
Suppose 2*q = 7*q + 3*y - 2796, -3*y = 2*q - 1113. Calculate the highest common factor of 204 and q.
51
Let w be ((-528)/36)/(2/42). Let s be 1 + (-252)/w + (-2)/(-11). Calculate the highest common factor of 78 and s.
2
Let n be (-1)/((-16)/1280*4). Let j = -119 + 179. What is the greatest common divisor of n and j?
20
Let d(l) = -15*l + 12. Let j be d(8). Let t be (2/(-3 - 1))/(2/j). Calculate the highest common divisor of t and 45.
9
Let c(d) = d**3 + d**2 - 2. Let i(k) = -2*k**3 - k**2 - 33*k + 9. Let y(o) = 3*c(o) + i(o). Let q be y(-6). Calculate the greatest common divisor of 247 and q.
19
Let l(g) be the second derivative of -4*g**2 + 0 - 18*g - 1/2*g**3. Let q be l(-14). What is the greatest common divisor of 119 and q?
17
Let t be (1/(-1)*3)/((-127845)/2457 - -52). What is the greatest common factor of t and 377?
13
Let f be ((-160)/(-28))/(11/(13244/8)). Calculate the highest common factor of f and 2365.
215
Let d = -12 - -19. Suppose 3*h = -7*r + 2128, -5*h + 1065 + 475 = 5*r. Calculate the greatest common divisor of d and r.
7
Let f(h) = 8*h**3 - 81*h**2 - 35*h**3 + 77*h**2 - 9*h - 1. Let r(a) = a - 22. Let c be r(20). Let i be f(c). What is the highest common factor of 31 and i?
31
Suppose -3*k - 4*i = i - 54, 3*k + i - 42 = 0. Let z = -666 - -679. Suppose -z*o + 156 = -o. Calculate the greatest common factor of o and k.
13
Suppose 3401 = j - 2*x + 3363, -3*x = 5*j - 125. Calculate the greatest common divisor of j and 14336.
28
Let l be (1611 - (3 - 3 - 5)) + 2. Let d be 4/24*l + (-1)/(-3). What is the highest common divisor of d and 10?
10
Let m(g) = -g**3 + 6*g**2 - 4*g + 6. Let h be m(4). Let j(z) = -2123 - 23*z + 2130 + 72*z. Let o be j(3). What is the highest common factor of h and o?
22
Suppose -3*l - 50428 = -2*s, -4*l = -0*s - 4*s + 100860. What is the greatest common divisor of s and 151?
151
Let y be -2 - (-30 - -2)/2. Let r(f) be the third derivative of -f**4/24 + 64*f**3/3 - 7*f**2. Let d be r(20). Calculate the highest common factor of d and y.
12
Let n(u) = 13*u - 74 - 36*u**2 + 14*u**2 - 43*u + 21*u**2. Let m be n(-26). What is the greatest common divisor of m and 225?
15
Suppose -985*a = -964*a - 945. Calculate the highest common factor of 5595 and a.
15
Let f = 82065 + -82026. Let q be (-27)/(-1)*26/2. What is the greatest common divisor of q and f?
39
Let w = -8 - -13. Let n be ((-12)/(-15))/(3 - 14/w). Suppose -4 = a + 5*h, n*h + 80 = 3*a + 16. What is the greatest common divisor of a and 16?
16
Let z be ((-66)/9)/(5 - 138/27) - 1. Calculate the greatest common divisor of 377 and z.
13
Let p(n) = -n**2 - 11*n - 18. Let s be p(-8). Suppose -8*f - s + 342 = 0. Suppose 5*k - 378 = -k. What is the highest common divisor of f and k?
21
Suppose 37 = 4*k + 5*r + 17, -5*r = 3*k - 20. Suppose k = 20*j - 3617 + 437. Calculate the highest common divisor of 3 and j.
3
Suppose 46*p + 3354 = 132*p. What is the greatest common factor of 3029 and p?
13
Let f = -3439 + 4259. Calculate the highest common factor of f and 220.
20
Let b = -14308 - -14452. What is the greatest common divisor of 2916 and b?
36
Suppose 944*c = 894*c + 600. Calculate the highest common factor of 723 and c.
3
Let t(m) be the first derivative of -m**3/3 - 8*m**2 - 43*m - 21. Let c be t(-5). Calculate the greatest common divisor of c and 30.
6
Suppose -2*i + 12 = 3*s, -55 + 46 = -5*i + 3*s. What is the highest common divisor of 151 and i?
1
Let h = 527 - 520. Suppose -h*s + 44 - 16 = 0. Calculate the highest common divisor of s and 36.
4
Let a(l) = 354*l + 1063. Let m be a(-3). What is the highest common factor of 97 and m?
1
Let f be (-3)/(-9)*((-2)/(-2) - 1). Suppose -6*g + 95 - 35 = f. Calculate the greatest common factor of 360 and g.
10
Let g be (-5 + 44/12)*-21. Suppose j + 0*j = g. Suppose 16*w = 19*w - 105. What is the highest common divisor of j and w?
7
Let c = 535 + -520. Suppose 47*z - 2304 = c*z. Calculate the greatest common divisor of z and 88.
8
Let u be (-6)/(-9)*(115 + -1). Let h = u + -76. Suppose h = 2*i + 6*i - 56. What is the highest common divisor of 49 and i?
7
Let u be (4 - (-4)/(-2))/1. Suppose -u*z + 5*h + 5 = -54, -235 = -5*z - 5*h. What is the highest common factor of z and 28?
14
Suppose -2*i + 4*x = -3728, -860*i + 855*i - 3*x = -9294. What is the greatest common factor of 496 and i?
124
Let n = -6953 - -9418. What is the highest common factor of 2320 and n?
145
Let h(n) be the third derivative of -7*n**4/4 - 21*n**3/2 + 7*n**2 + 4. Let k be h(-7). Let z = -49 - -82. Calculate the greatest common divisor of z and k.
33
Let z be (28/(-63))/((-2)/99). Calculate the greatest common divisor of 1727 and z.
11
Suppose 456 = 5*w - 444. Suppose -5*o = -3*x - 2*x - 25, 4*o - 48 = -3*x. What is the highest common divisor of o and w?
9
Let s(l) = -l**3 + 77*l**2 - 552*l + 8. Let x be s(8). Let t = 125 - 85. What is the greatest common divisor of t and x?
8
Suppose 896525 + 317280 = 57*u + 237395. Calculate the greatest common factor of 60 and u.
30
Let m be (-273)/39*((-1)/((-1)/(-1)) - 14). Suppose 5*p + 25 = 0, -4*k - 3*p = -7*p - 980. Calculate the greatest common divisor of k and m.
15
Let b be (46 - 48)*459/(-2). Calculate the highest common factor of 3111 and b.
51
Let b be (-5626)/(-29) + 2/(-2). Let d = 217 - b. What is the highest common factor of 384 and d?
24
Suppose -13*r + 16*r - 2*t = 382, 4*t = r - 134. What is the greatest common factor of 84 and r?
42
Let y be 136 - -2 - 1 - 6. Suppose -y - 22 = -17*d. What is the highest common divisor of 99 and d?
9
Let u = -833 - -1262. Calculate the greatest common divisor of u and 572.
143
Let t = -8212 + 8320. What is the greatest common factor of 135 and t?
27
Let c be ((-1728)/672)/((-16)/14)*(2 + 278). Calculate the highest common divisor o